. Calculate x(-6).
2
Let w(t) = 7*t + 44. What is w(-6)?
2
Let m(d) = d**3 + 7*d**2 + 7*d - 4. What is m(-6)?
-10
Let u(g) = 3*g + 1. Determine u(2).
7
Let w(d) = d**3 - d**2 + 31. What is w(0)?
31
Let u(a) = 56*a + 56. What is u(-1)?
0
Let g(r) = -30*r - 4. Give g(1).
-34
Let c(g) = -g**3 + 9*g**2 + 37*g - 3. Determine c(12).
9
Let r(b) = b**2 - 17*b - 19. Calculate r(-1).
-1
Let g(w) = 10*w**2 + 28*w - 2. What is g(-3)?
4
Let v(d) = -3*d - 5. What is v(-4)?
7
Let o(f) = 2*f**2 - 13*f - 4. What is o(0)?
-4
Let s(d) = 7*d**2 - 6*d + 4. Determine s(1).
5
Let v(j) = -j**2 - 5*j + 8. What is v(-5)?
8
Let j(n) = -n + 7. What is j(4)?
3
Let u(r) = 12*r - 27. What is u(-2)?
-51
Let y(j) = j**2 + 2*j - 10. Give y(3).
5
Let u(n) = -2*n**2 - 14*n - 4. Calculate u(-7).
-4
Let i(r) = 70*r + 281. What is i(-4)?
1
Let t(d) = -2*d**3 - 3*d**2 + 2*d + 1. Give t(2).
-23
Let p(i) = -i**2 + i + 50. Give p(-8).
-22
Let l(b) = 7*b - 4. What is l(-6)?
-46
Let a(l) = l + 27. What is a(-15)?
12
Let y(n) = n - 23. Calculate y(19).
-4
Let j(o) = 2*o**3 - 23*o**2 - 13*o + 7. Determine j(12).
-5
Let v(o) = 3*o + 15. What is v(-3)?
6
Let g(p) = -7*p**3 + 4*p**2 - 3*p. Determine g(2).
-46
Let i(g) = -2*g**2 - 19*g + 85. Give i(-13).
-6
Let i(d) = d**3 + 9*d**2 + 10*d + 15. What is i(-6)?
63
Let v(l) = l**3 - 9*l**2 - 93*l + 16. Give v(15).
-29
Let v(s) = -6*s**2 + s. Give v(2).
-22
Let t(g) = 6*g**2 - 3*g + 2. Calculate t(1).
5
Let q(n) = -n - 6. What is q(-11)?
5
Let g(s) = 5*s**2 - s - 1. Calculate g(2).
17
Let w(j) = -32*j**3 - 2*j**2 + 2*j - 1. Calculate w(1).
-33
Let k(p) = 69*p + 195. Give k(-3).
-12
Let f(u) = -3*u - 54. Determine f(-14).
-12
Let p(i) = -3*i**2 + 11*i - 16. Determine p(4).
-20
Let k(a) = -a**3 + 8*a**2 - 9*a + 2. Determine k(4).
30
Let w(a) = -a**2 + 10*a - 9. What is w(7)?
12
Let p(o) = 70*o - 499. What is p(7)?
-9
Let s(f) = -31*f - 11. What is s(0)?
-11
Let g(o) = o**3 + 11*o**2 + 28*o + 10. What is g(-7)?
10
Let i(h) = h**2 - 7*h - 1. What is i(5)?
-11
Let a(u) = -5*u. Calculate a(2).
-10
Let d(v) = 4*v**2 + 74*v + 42. What is d(-18)?
6
Let s(h) = -2*h - 15. Determine s(-8).
1
Let g(c) = -c**3 - 13*c**2 - 15*c + 31. Determine g(-12).
67
Let j(q) = -12*q + 13. Determine j(8).
-83
Let c(g) = -2*g**3 + 3*g**2 - 2*g - 17. Give c(4).
-105
Let p(k) = k**3 - k**2 - 31*k - 5. Determine p(-5).
0
Let o(m) = -m**2 + m + 4. Give o(-2).
-2
Let n(k) = k**3 + 5*k**2 - 2. Give n(-2).
10
Let x(h) = -12*h - 32. Give x(-3).
4
Let c(h) = -3*h + 61. What is c(0)?
61
Let c(v) = v**3 - 4. Determine c(-2).
-12
Let n(q) = -7*q - 16. What is n(9)?
-79
Let b(o) = -o**2 + 8*o - 5. Calculate b(4).
11
Let n(r) = -2*r**2 + 19*r + 14. Give n(10).
4
Let s(l) = -l**2 - 6*l - 6. What is s(-5)?
-1
Let h(q) = -q**3 + 13*q**2 + 2*q + 15. Give h(13).
41
Let m(y) = 3*y - 116. Give m(37).
-5
Let y(a) = -50*a + 57. Determine y(1).
7
Let j(z) = 3*z - 1. What is j(-7)?
-22
Let i(m) = 17*m - 1. What is i(2)?
33
Let x(g) = g**3 - 5*g**2 + 4*g + 4. Determine x(3).
-2
Let i(f) = -50*f - 4. Calculate i(1).
-54
Let h(x) = x**2 + 5*x + 2. Give h(-1).
-2
Let x(y) = -2*y - 23. Give x(-14).
5
Let x(n) = -n**3 + 7*n**2 - 5*n - 10. Calculate x(6).
-4
Let q(y) = 14*y + 31. What is q(-4)?
-25
Let k(m) = 4*m**2 + 6*m. Give k(-2).
4
Let v(o) = o**3 + 15*o**2 + 16*o + 47. Determine v(-14).
19
Let p(a) = -a**2 + 9*a - 5. Calculate p(8).
3
Let m(s) = 2*s**2. Give m(2).
8
Let u(s) = s**3 + 2*s**2 - 4. What is u(-2)?
-4
Let z(q) = -2*q**3 + 11*q**2 + 18*q + 9. Give z(7).
-12
Let v(l) = -l**2 - 11*l - 1. Give v(-7).
27
Let v(m) = -8*m - 35. Determine v(-5).
5
Let d(c) = c**3 + 4*c**2 - 8*c - 11. Calculate d(-5).
4
Let t(l) = -80*l**3 + l**2 - 2. Determine t(1).
-81
Let y(u) = -3*u - 28. Determine y(-19).
29
Let q(s) = 2*s**3 + 9*s**2 - 4*s - 2. Give q(-4).
30
Let a(z) = 2*z**2 + 2*z + 3. Determine a(-2).
7
Let u(w) = 8*w + 49. Calculate u(-8).
-15
Let p(r) = 4*r**2 - 10*r - 9. What is p(4)?
15
Let s(o) = o**2 + 5*o + 70. Give s(0).
70
Let i(p) = 8*p - 6. Determine i(4).
26
Let d(k) = -k**3 - k**2 + 2*k. Give d(0).
0
Let y(d) = -6*d**2 - 4*d + 8. Calculate y(3).
-58
Let g(m) = 4*m**3 - 18*m**2 + 18*m + 1. Determine g(1).
5
Let c(g) = 2*g**2 + 21*g - 14. Calculate c(-11).
-3
Let c(f) = -f**3 + 27*f**2 + 3*f - 51. Determine c(27).
30
Let w(q) = q**3 - 18*q**2 + 8*q + 8. Give w(17).
-145
Let q(a) = 3*a + 18. Calculate q(-10).
-12
Let y(l) = -l**2 - 24*l - 17. Determine y(-18).
91
Let p(w) = 14*w**3 - 225*w**2 + 16*w - 4. Give p(16).
-4
Let d(z) = -z**2 - 17*z - 20. Give d(-15).
10
Let d(m) = -3*m**3 + 6*m**2 - 15. What is d(3)?
-42
Let x(r) = -r + 4. What is x(5)?
-1
Let c(b) = -b**2 - 8*b - 2. What is c(-8)?
-2
Let u(a) = -2*a**2 - 2*a + 8. Calculate u(2).
-4
Let y(z) = -7*z - 54. Determine y(-6).
-12
Let u(g) = -g**3 - 5*g**2 - 2*g - 48. What is u(-6)?
0
Let c(u) = -31*u**2 - 14*u - 12. Give c(-1).
-29
Let n(v) = -2*v - 17. Calculate n(-10).
3
Let d(p) = -2*p**3 - 9*p**2 - 17*p - 14. Give d(-6).
196
Let j(d) = d**3 - 6*d**2 - 5*d + 6. What is j(6)?
-24
Let j(z) = -2*z**2 - 8*z + 3. What is j(-5)?
-7
Let z(g) = -g - 44. Calculate z(-14).
-30
Let v(r) = 2*r - 8. Calculate v(8).
8
Let n(b) = -b**2 + 21*b - 7. What is n(7)?
91
Let h(u) = u**3 + 16*u**2 + 2*u + 22. Calculate h(-16).
-10
Let p(v) = v - 16. Give p(9).
-7
Let s(f) = f**3 - 7*f**2 + 6*f + 11. Give s(6).
11
Let t(z) = -z**3 - 2*z + 2. Calculate t(3).
-31
Let d(y) = y + 1. Calculate d(-14).
-13
Let c(k) = 3*k**2 - 17*k - 17. Calculate c(-1).
3
Let c(a) = 3*a**3 - 7*a**2 + 2*a + 14. Calculate c(4).
102
Let h(m) = -10*m - 18. Calculate h(-9).
72
Let s(y) = 3*y. What is s(6)?
18
Let p(n) = -n**3 + 5*n**2 - 5*n + 7. Calculate p(4).
3
Let h(u) = u**3 - 14*u**2 + 12*u - 8. Determine h(13).
-21
Let p(t) = -2*t**2 - 7*t + 6. Determine p(-8).
-66
Let t(o) = o**3 + 6*o**2 - 22. Determine t(-6).
-22
Let w(s) = -12*s + 7. What is w(-4)?
55
Let j(v) = -2*v**2 - 2*v + 2. Calculate j(1).
-2
Let y(h) = 30*h - 82. Calculate y(3).
8
Let b(w) = 57*w**3 + w**2 - w + 1. Give b(1).
58
Let a(f) = 29*f - 197. Calculate a(7).
6
Let d(y) = -y**3 + 10*y**2 + 4*y - 6. Determine d(10).
34
Let a(s) = 3*s - 36. Determine a(14).
6
Let r(n) = -n**2 + 10*n - 17. Give r(8).
-1
Let l(i) = 2*i**3 - 6*i**2 + i + 7. What is l(3)?
10
Let l(a) = 2*a**2 - 14*a - 14. Calculate l(-1).
2
Let a(g) = -58*g - 644. Give a(-11).
-6
Let w(g) = g**3 - g**2 - g - 38. Give w(0).
-38
Let v(u) = u - 7. Determine v(10).
3
Let i(z) = 20*z**3 - 16*z**2 + 18*z - 2. Give i(1).
20
Let g(h) = h**3 - 18*h**2 + 20*h - 33. Give g(17).
18
Let n(a) = -a**3 - 8*a**2 - 8*a - 62. Determine n(-8).
2
Let x(v) = v**2 + 10*v - 2. What is x(-10)?
-2
Let u(o) = 6*o + 8. Give u(5).
38
Let c(o) = 4*o - 16. Give c(0).
-16
Let x(n) = -n**2 - 9*n + 10. What is x(-8)?
18
Let m(z) = z**3 - 13*z**2 + 17*z - 10. Determine m(11).
-65
Let v(s) = 2*s**2 + s + 2. What is v(2)?
12
Let f(h) = h**2 + 17*h + 6. Calculate f(-9).
-66
Let l(f) = -5*f + 5. Calculate l(4).
-15
Let x(z) = z**3 + z**2 + 20. Calculate x(0).
20
Let a(h) = h**3 + 8*h**2 + 3*h. Determine a(-7).
28
Let i(o) = 19*o - 180. Determine i(14).
86
Let c(m) = m**2 - 6*m + 11. Determine c(6).
11
Let l(b) = -2*b - 32. Give l(-9).
-14
Let r(b) = b**3 - 2*b**2 - b - 12. Give r(3).
-6
Let x(k) = -15*k**2 + k + 1. What is x(-1)?
-15
Let x(o) = o**3 + 10*o**2 + 2*o - 25. What is x(-8)?
87
Let j(t) = 30*t + 202. Determine j(-7).
-8
Let l(p) = -2*p - 4. Determine l(-9).
14
Let a(g) = g**2 + 9*g - 4. Give a(-10).
6
Let j(d) = 2*d + 2. Determine j(6).
14
Let s(i) = 5*i**2 - 159*i - 14. What is s(32)?
18
Let g(a) = a - 5. Determine g(-8).
-13
Let x(v) = v**2 - 25*v - 118. Determine x(29).
-2
Let f(r) = -r**2 - 6*r + 2. Calculate f(-4).
10
Let a(q) = q**2 + 10*q + 27. What is a(-9)?
18
Let x(i) = i**3 + 5*i**2 - 38*i - 6. Determine x(-9).
12
Let a(g) = 22*g - 52. Calculate a(3).
14
Let t(j) = 3*j - 23. Calculate t(6).
-5
Let d(h) = -3*h**2 + 6*h + 4. Give d(-3).
-41
Let a(h) = h**2 + 9*h. What is a(-9)?
0
Let n(h) = -h**3 + 5*h**2 + 38. Determine n(6).
2
Let m(z) = -z + 12. Determine m(7).
5
Let m(u) = -u**2 + 16*u + 6. What is m(13)?
45
Let b(f) = 24*f + 12. Determine b(2).
60
Let c(m) = 7*m + 11. Give c(5).
46
Let m(d) = -6*d + 117. Give m(17).
15
Let u(a) = a - 3. What is u(1)?
-2
Let k(g